607
List the prime factors of 5346.
2, 3, 11
What are the prime factors of 5374?
2, 2687
What are the prime factors of 19889?
19889
What are the prime factors of 32695?
5, 13, 503
List the prime factors of 424.
2, 53
List the prime factors of 11073.
3, 3691
List the prime factors of 113535.
3, 5, 29
List the prime factors of 661.
661
List the prime factors of 33093.
3, 3677
List the prime factors of 1233.
3, 137
List the prime factors of 6.
2, 3
List the prime factors of 1328.
2, 83
List the prime factors of 9263.
59, 157
List the prime factors of 14216.
2, 1777
List the prime factors of 4580.
2, 5, 229
What are the prime factors of 15496?
2, 13, 149
What are the prime factors of 749?
7, 107
List the prime factors of 5347.
5347
What are the prime factors of 39427?
89, 443
What are the prime factors of 47109?
3, 41, 383
What are the prime factors of 137211?
3, 45737
List the prime factors of 2742.
2, 3, 457
List the prime factors of 1823.
1823
List the prime factors of 19826.
2, 23, 431
What are the prime factors of 140?
2, 5, 7
List the prime factors of 30860.
2, 5, 1543
List the prime factors of 23440.
2, 5, 293
List the prime factors of 22008.
2, 3, 7, 131
List the prime factors of 98415.
3, 5
List the prime factors of 83135.
5, 13, 1279
What are the prime factors of 33155?
5, 19, 349
List the prime factors of 4912.
2, 307
List the prime factors of 20407.
20407
List the prime factors of 127565.
5, 31, 823
List the prime factors of 1511.
1511
List the prime factors of 96642.
2, 3, 7, 13, 59
What are the prime factors of 1527?
3, 509
List the prime factors of 5217.
3, 37, 47
What are the prime factors of 47584?
2, 1487
What are the prime factors of 2130?
2, 3, 5, 71
List the prime factors of 473.
11, 43
List the prime factors of 793.
13, 61
List the prime factors of 3307.
3307
List the prime factors of 1878.
2, 3, 313
List the prime factors of 58176.
2, 3, 101
List the prime factors of 57758.
2, 28879
What are the prime factors of 15028?
2, 13, 17
What are the prime factors of 6181?
7, 883
What are the prime factors of 55195?
5, 7, 19, 83
List the prime factors of 10584.
2, 3, 7
List the prime factors of 9621.
3, 1069
List the prime factors of 23126.
2, 31, 373
List the prime factors of 24078.
2, 3, 4013
List the prime factors of 733.
733
What are the prime factors of 1394?
2, 17, 41
What are the prime factors of 362?
2, 181
List the prime factors of 35814.
2, 3, 47, 127
List the prime factors of 398.
2, 199
What are the prime factors of 2786?
2, 7, 199
What are the prime factors of 10907?
13, 839
What are the prime factors of 572?
2, 11, 13
What are the prime factors of 3139?
43, 73
List the prime factors of 3796.
2, 13, 73
List the prime factors of 948.
2, 3, 79
List the prime factors of 743.
743
What are the prime factors of 12038?
2, 13, 463
What are the prime factors of 8840?
2, 5, 13, 17
List the prime factors of 7618.
2, 13, 293
List the prime factors of 110849.
110849
List the prime factors of 164474.
2, 82237
What are the prime factors of 261?
3, 29
List the prime factors of 7817.
7817
What are the prime factors of 24885?
3, 5, 7, 79
What are the prime factors of 16047?
3, 1783
List the prime factors of 31348.
2, 17, 461
What are the prime factors of 14244?
2, 3, 1187
What are the prime factors of 395?
5, 79
List the prime factors of 4639.
4639
List the prime factors of 2919.
3, 7, 139
List the prime factors of 2918.
2, 1459
List the prime factors of 1414.
2, 7, 101
What are the prime factors of 6278?
2, 43, 73
What are the prime factors of 1974?
2, 3, 7, 47
List the prime factors of 4691.
4691
List the prime factors of 1416.
2, 3, 59
What are the prime factors of 10167?
3, 3389
List the prime factors of 4390.
2, 5, 439
What are the prime factors of 3037?
3037
List the prime factors of 52840.
2, 5, 1321
What are the prime factors of 6229?
6229
List the prime factors of 54017.
19, 2843
List the prime factors of 27186.
2, 3, 23, 197
What are the prime factors of 10506?
2, 3, 17, 103
List the prime factors of 658.
2, 7, 47
List the prime factors of 2481.
3, 827
List the prime factors of 27289.
29, 941
What are the prime factors of 76259?
76259
List the prime factors of 5445.
3, 5, 11
What are the prime factors of 3958?
2, 1979
What are the prime factors of 34210?
2, 5, 11, 311
What are the prime factors of 1336?
2, 167
List the prime factors of 19164.
2, 3, 1597
List the prime factors of 2530.
2, 5, 11, 23
What are the prime factors of 5959?
59, 101
What are the prime factors of 49138?
2, 79, 311
What are the prime factors of 3519?
3, 17, 23
What are the prime factors of 75517?
13, 37, 157
List the prime factors of 75342.
2, 3, 29, 433
List the prime factors of 326.
2, 163
What are the prime factors of 312?
2, 3, 13
What are the prime factors of 9153?
3, 113
List the prime factors of 765.
3, 5, 17
What are the prime factors of 1321?
1321
List the prime factors of 5.
5
What are the prime factors of 106104?
2, 3, 4421
List the prime factors of 3212.
2, 11, 73
What are the prime factors of 1563?
3, 521
What are the prime factors of 737?
11, 67
List the prime factors of 14150.
2, 5, 283
What are the prime factors of 63602?
2, 7, 11, 59
List the prime factors of 742.
2, 7, 53
List the prime factors of 263.
263
What are the prime factors of 1191?
3, 397
List the prime factors of 1043.
7, 149
What are the prime factors of 78?
2, 3, 13
List the prime factors of 1158.
2, 3, 193
What are the prime factors of 12542?
2, 6271
What are the prime factors of 290?
2, 5, 29
What are the prime factors of 34731?
3, 17, 227
List the prime factors of 85045.
5, 73, 233
What are the prime factors of 159854?
2, 257, 311
What are the prime factors of 5297?
5297
List the prime factors of 705.
3, 5, 47
What are the prime factors of 737?
11, 67
List the prime factors of 14839.
11, 19, 71
What are the prime factors of 881?
881
List the prime factors of 229.
229
List the prime factors of 323.
17, 19
What are the prime factors of 10063?
29, 347
List the prime factors of 1746.
2, 3, 97
List the prime factors of 341.
11, 31
What are the prime factors of 2664?
2, 3, 37
List the prime factors of 15411.
3, 11, 467
List the prime factors of 151561.
151561
What are the prime factors of 4234?
2, 29, 73
List the prime factors of 1489.
1489
What are the prime factors of 72787?
11, 13, 509
What are the prime factors of 28175?
5, 7, 23
What are the prime factors of 1612?
2, 13, 31
List the prime factors of 1021.
1021
List the prime factors of 563.
563
List the prime factors of 4238.
2, 13, 163
What are the prime factors of 49802?
2, 37, 673
List the prime factors of 2780.
2, 5, 139
What are the prime factors of 4609?
11, 419
List the prime factors of 852.
2, 3, 71
List the prime factors of 27395.
5, 5479
List the prime factors of 6626.
2, 3313
What are the prime factors of 173?
173
What are the prime factors of 996?
2, 3, 83
List the prime factors of 62692.
2, 7, 2239
What are the prime factors of 3207?
3, 1069
What are the prime factors of 1436?
2, 359
What are the prime factors of 34538?
2, 7, 2467
List the prime factors of 14114.
2, 7057
What are the prime factors of 598?
2, 13, 23
What are the prime factors of 3036?
2, 3, 11, 23
What are the prime factors of 987?
3, 7, 47
List the prime factors of 987.
3, 7, 47
What are the prime factors of 1162?
2, 7, 83
What are the prime factors of 456?
2, 3, 19
List the prime factors of 2351.
2351
What are the prime factors of 27737?
27737
List the prime factors of 352.
2, 11
List the prime factors of 727.
727
List the prime factors of 28327.
13, 2179
What are the prime factors of 1904?
2, 7, 17
List the prime factors of 4008.
2, 3, 167
What are the prime factors of 1075?
5, 43
List the prime factors of 11409.
3, 3803
What are the prime factors of 144338?
2, 72169
What are the prime factors of 8117?
8117
List the prime factors of 74796.
2, 3, 23, 271
List the prime factors of 65291.
109, 599
What are the prime factors of 1931?
1931
What are the prime factors of 107981?
107981
What are the prime factors of 354?
2, 3, 59
What are the prime factors of 28335?
3, 5, 1889
What are the prime factors of 2008?
2, 251
List the prime factors of 4395.
3, 5, 293
List the prime factors of 12529.
11, 17, 67
What are the prime factors of 7983?
3, 887